{"id":943,"date":"2021-12-31T10:19:47","date_gmt":"2021-12-31T09:19:47","guid":{"rendered":"http:\/\/vrtic-smjesko.hr\/?page_id=943"},"modified":"2026-02-16T13:17:37","modified_gmt":"2026-02-16T12:17:37","slug":"pristup-informacijama","status":"publish","type":"page","link":"https:\/\/vrtic-smjesko.hr\/index.php\/pristup-informacijama\/","title":{"rendered":"Pristup informacijama"},"content":{"rendered":"\n<p>Temeljem \u010dlanka 3. Zakona o pravu na pristup informacijama (\u00bbNarodne novine\u00ab, broj 25\/13, 85\/15) ure\u0111eno je pravo na pristup informacijama fizi\u010dkim i pravnim osobama putem otvorenosti i javnosti djelovanja tijela javne vlasti.<\/p>\n\n\n\n<p>Pravo na pristup informacijama i ponovnu uporabu informacija obuhva\u0107a pravo korisnika na tra\u017eenje i dobivanje informacije kao i obvezu tijela javne vlasti da omogu\u0107i pristup zatra\u017eenoj informaciji, odnosno da objavljuje informacije neovisno o postavljenom zahtjevu kada takvo objavljivanje proizlazi iz obveze odre\u0111ene zakonom ili drugim propisom.<\/p>\n\n\n\n<p>Pravo na pristup informacijama i ponovnu uporabu informacija ure\u0111eno je i ostvaruje se u skladu sa Zakonom o pravu na pristup informacijama (\u00bbNarodne novine\u00ab, broj 25\/13, 85\/15). Zakonom se propisuju na\u010dela prava na pristup informacijama i ponovnu uporabu informacija, ograni\u010denja prava na pristup informacijama i ponovnu uporabu informacija, postupak za ostvarivanje i za\u0161titu prava na pristup informacijama i ponovnu uporabu informacija.<\/p>\n\n\n\n<p>Dje\u010dji vrti\u0107 &#8220;Smje\u0161ko&#8221; Vir javnost informira putem slu\u017ebene web stranice dokumentima i informacijama koje posjeduje i koji su javno dostupni u elektroni\u010dkom obliku i mogu\u0107e im je pristupiti bez upu\u0107ivanja posebnog zahtjeva, a pristup svim ostalim informacijama i dokumentima ostvaruje se podno\u0161enjem usmenog ili pisanog zahtjeva.<\/p>\n\n\n\n<p>Pravo na pristup informacijama i ponovnu uporabu informacija ostvaruje se podno\u0161enjem pisanog zahtjeva slu\u017ebeniku za informiranje Dje\u010djeg vrti\u0107a &#8220;Smje\u0161ko&#8221; Vir.<\/p>\n\n\n\n<div class=\"wp-block-file\"><a id=\"wp-block-file--media-551316ec-be86-4f20-9f69-5cccac932c85\" href=\"http:\/\/vrtic-smjesko.hr\/wp-content\/uploads\/2022\/03\/Odluka-o-imenovanju-slu\u017ebenika-za-informiranje-Dv-Smje\u0161ko.pdf\">Odluka-o-imenovanju-slu\u017ebenika-za-informiranje-Dv-Smje\u0161ko<\/a><a href=\"http:\/\/vrtic-smjesko.hr\/wp-content\/uploads\/2022\/03\/Odluka-o-imenovanju-slu\u017ebenika-za-informiranje-Dv-Smje\u0161ko.pdf\" class=\"wp-block-file__button\" download aria-describedby=\"wp-block-file--media-551316ec-be86-4f20-9f69-5cccac932c85\">Preuzmi<\/a><\/div>\n\n\n\n<p>Slu\u017ebenik za informiranje &#8211; Danijela Kapovi\u0107<\/p>\n\n\n\n<p>Broj telefona 091\/604 &#8211; 8236<\/p>\n\n\n\n<p>E-mail : dv.smjesko.vir.infoadm@gmail.com<\/p>\n\n\n\n<div class=\"wp-block-file\"><a id=\"wp-block-file--media-58c4b80e-70c8-498f-aaf2-a3bac1b718a5\" href=\"https:\/\/vrtic-smjesko.hr\/wp-content\/uploads\/2022\/03\/Obrazac-2-Zahtjev-za-pristup-informacijama.docx\">Obrazac-2-Zahtjev-za-pristup-informacijama<\/a><a href=\"https:\/\/vrtic-smjesko.hr\/wp-content\/uploads\/2022\/03\/Obrazac-2-Zahtjev-za-pristup-informacijama.docx\" class=\"wp-block-file__button\" download aria-describedby=\"wp-block-file--media-58c4b80e-70c8-498f-aaf2-a3bac1b718a5\">Preuzmi<\/a><\/div>\n\n\n\n<div class=\"wp-block-file\"><a id=\"wp-block-file--media-006379b4-ff86-48ce-aefa-255de123104d\" href=\"https:\/\/vrtic-smjesko.hr\/wp-content\/uploads\/2022\/03\/Obrazac-3-Zahtjev-za-dopunu-ili-ispravak-informacije-1.docx\">Obrazac-3-Zahtjev-za-dopunu-ili-ispravak-informacije-1<\/a><a href=\"https:\/\/vrtic-smjesko.hr\/wp-content\/uploads\/2022\/03\/Obrazac-3-Zahtjev-za-dopunu-ili-ispravak-informacije-1.docx\" class=\"wp-block-file__button\" download aria-describedby=\"wp-block-file--media-006379b4-ff86-48ce-aefa-255de123104d\">Preuzmi<\/a><\/div>\n\n\n\n<div class=\"wp-block-file\"><a id=\"wp-block-file--media-4ff4e9e8-576d-4aba-8813-076dd8271def\" href=\"https:\/\/vrtic-smjesko.hr\/wp-content\/uploads\/2022\/03\/Obrazac-4-Zahtjev-za-ponovnu-uporabu-informacija-1.docx\">Obrazac-4-Zahtjev-za-ponovnu-uporabu-informacija-1<\/a><a href=\"https:\/\/vrtic-smjesko.hr\/wp-content\/uploads\/2022\/03\/Obrazac-4-Zahtjev-za-ponovnu-uporabu-informacija-1.docx\" class=\"wp-block-file__button\" download aria-describedby=\"wp-block-file--media-4ff4e9e8-576d-4aba-8813-076dd8271def\">Preuzmi<\/a><\/div>\n\n\n\n<div class=\"wp-block-file\"><a id=\"wp-block-file--media-8db4da48-afd4-481b-9a98-082c7a453fcb\" href=\"http:\/\/vrtic-smjesko.hr\/wp-content\/uploads\/2021\/01\/Godisnje_izvjesce_1-1.pdf\"> Izvje\u0161\u0107e o provedbi Zakona o pravu na pristup informacijama za 2017. godinu<\/a><a href=\"http:\/\/vrtic-smjesko.hr\/wp-content\/uploads\/2021\/01\/Godisnje_izvjesce_1-1.pdf\" class=\"wp-block-file__button\" download aria-describedby=\"wp-block-file--media-8db4da48-afd4-481b-9a98-082c7a453fcb\">Preuzmi<\/a><\/div>\n\n\n\n<div class=\"wp-block-file\"><a id=\"wp-block-file--media-536136ac-34fd-49fa-9369-7c7d532dac8f\" href=\"http:\/\/vrtic-smjesko.hr\/wp-content\/uploads\/2021\/01\/Godisnje_izvjesce_2.pdf\"> Izvje\u0161\u0107e o provedbi Zakona o pravu na pristup informacijama za 2018. godinu<\/a><a href=\"http:\/\/vrtic-smjesko.hr\/wp-content\/uploads\/2021\/01\/Godisnje_izvjesce_2.pdf\" class=\"wp-block-file__button\" download aria-describedby=\"wp-block-file--media-536136ac-34fd-49fa-9369-7c7d532dac8f\">Preuzmi<\/a><\/div>\n\n\n\n<div class=\"wp-block-file\"><a id=\"wp-block-file--media-2370aa09-8277-40e5-be74-e0aea83369e8\" href=\"http:\/\/vrtic-smjesko.hr\/wp-content\/uploads\/2021\/01\/Godisnje_izvjesce_3-1.pdf\"> Izvje\u0161\u0107e o provedbi Zakona o pravu na pristup informacijama za 2019.godinu<\/a><a href=\"http:\/\/vrtic-smjesko.hr\/wp-content\/uploads\/2021\/01\/Godisnje_izvjesce_3-1.pdf\" class=\"wp-block-file__button\" download aria-describedby=\"wp-block-file--media-2370aa09-8277-40e5-be74-e0aea83369e8\">Preuzmi<\/a><\/div>\n\n\n\n<div class=\"wp-block-file\"><a id=\"wp-block-file--media-1e8e64f8-9637-416c-a01a-40dc9823d91d\" href=\"http:\/\/vrtic-smjesko.hr\/wp-content\/uploads\/2021\/01\/Godisnje_izvjesce_4-2.pdf\"> Izvje\u0161\u0107e o provedbi Zakona o pravu na pristup informacijama za 2020.godinu<\/a><a href=\"http:\/\/vrtic-smjesko.hr\/wp-content\/uploads\/2021\/01\/Godisnje_izvjesce_4-2.pdf\" class=\"wp-block-file__button\" download aria-describedby=\"wp-block-file--media-1e8e64f8-9637-416c-a01a-40dc9823d91d\">Preuzmi<\/a><\/div>\n\n\n\n<div class=\"wp-block-file\"><a id=\"wp-block-file--media-49a71d20-28eb-4e7f-ae0a-b2493d5048a8\" href=\"http:\/\/vrtic-smjesko.hr\/wp-content\/uploads\/2022\/02\/Godisnje_izvjesce.pdf\"> Izvje\u0161\u0107e o provedbi Zakona o pravu na pristup informacijama za 2021. godinu <\/a><a href=\"http:\/\/vrtic-smjesko.hr\/wp-content\/uploads\/2022\/02\/Godisnje_izvjesce.pdf\" class=\"wp-block-file__button\" download aria-describedby=\"wp-block-file--media-49a71d20-28eb-4e7f-ae0a-b2493d5048a8\">Preuzmi<\/a><\/div>\n\n\n\n<div class=\"wp-block-file\"><a id=\"wp-block-file--media-64761832-b404-4dd2-a4c9-5292b3d3b74d\" href=\"https:\/\/vrtic-smjesko.hr\/wp-content\/uploads\/2023\/01\/Godisnje_izvjesce-o-pravu-na-pristup-informacijama-2023.godine.pdf\">Izvje\u0161\u0107e o provedbi Zakona o pravu na pristup informacijama za 2022.godinu<\/a><a href=\"https:\/\/vrtic-smjesko.hr\/wp-content\/uploads\/2023\/01\/Godisnje_izvjesce-o-pravu-na-pristup-informacijama-2023.godine.pdf\" class=\"wp-block-file__button\" download aria-describedby=\"wp-block-file--media-64761832-b404-4dd2-a4c9-5292b3d3b74d\">Preuzmi<\/a><\/div>\n\n\n\n<div class=\"wp-block-file\"><a id=\"wp-block-file--media-3cc5672b-d91e-4095-a124-c7b321ad5a01\" href=\"https:\/\/vrtic-smjesko.hr\/wp-content\/uploads\/2024\/02\/Godisnje_izvjesce.pdf\">Izvje\u0161\u0107e o provedbi Zakona o pravu na pristup informacijama za 2023.godinu<\/a><a href=\"https:\/\/vrtic-smjesko.hr\/wp-content\/uploads\/2024\/02\/Godisnje_izvjesce.pdf\" class=\"wp-block-file__button\" download aria-describedby=\"wp-block-file--media-3cc5672b-d91e-4095-a124-c7b321ad5a01\">Preuzmi<\/a><\/div>\n\n\n\n<div class=\"wp-block-file\"><a id=\"wp-block-file--media-42e28585-298f-4f9d-b72f-a73dc675fed6\" href=\"https:\/\/vrtic-smjesko.hr\/wp-content\/uploads\/2025\/01\/Izvjesce-o-provedbi-Zakona-o-pravu-pristup-informacijama-za-2024001.pdf\"> Izvje\u0161\u0107e o provedbi Zakona o pravu na pristup informacijama za 2024. godinu<\/a><a href=\"https:\/\/vrtic-smjesko.hr\/wp-content\/uploads\/2025\/01\/Izvjesce-o-provedbi-Zakona-o-pravu-pristup-informacijama-za-2024001.pdf\" class=\"wp-block-file__button\" download aria-describedby=\"wp-block-file--media-42e28585-298f-4f9d-b72f-a73dc675fed6\">Preuzmi<\/a><\/div>\n\n\n\n<div class=\"wp-block-file\"><a id=\"wp-block-file--media-8be913ba-d3b8-45d1-bc22-eb939957d10d\" href=\"https:\/\/vrtic-smjesko.hr\/wp-content\/uploads\/2026\/02\/Godisnje-izvjesce-o-pravu-na-pristup-informacijama-za-2025.-godinu.pdf\">Izvje\u0161\u0107e o provedbi Zakona o pravu na pristup informacijama za 2025. godinu<\/a><a href=\"https:\/\/vrtic-smjesko.hr\/wp-content\/uploads\/2026\/02\/Godisnje-izvjesce-o-pravu-na-pristup-informacijama-za-2025.-godinu.pdf\" class=\"wp-block-file__button\" download aria-describedby=\"wp-block-file--media-8be913ba-d3b8-45d1-bc22-eb939957d10d\">Preuzmi<\/a><\/div>\n\n\n\n<p>Dje\u010dji vrti\u0107 &#8220;Smje\u0161ko&#8221; Vir ima pravo na naknadu stvarnih materijalnih tro\u0161kova koji nastanu pru\u017eanjem informacije korisniku prava na pristup informacijama i ponovnu uporabu informacija, kao i naknadu tro\u0161kova dostave tra\u017eene informacije, koja se napla\u0107uje sukladno Kriterijima za odre\u0111ivanje visine naknade iz \u010dlanka 19. stavka 3. Zakona o pravu na pristup informacijama, odnosno Kriterijima za odre\u0111ivanje visine naknade stvarnih materijalnih tro\u0161kova i tro\u0161kova dostave informacije (NN 12\/14 i 15\/14 &#8211; ispravak).<\/p>\n","protected":false},"excerpt":{"rendered":"<p>Temeljem \u010dlanka 3. Zakona o pravu na pristup informacijama (\u00bbNarodne novine\u00ab, broj 25\/13, 85\/15) ure\u0111eno je pravo na pristup informacijama fizi\u010dkim i pravnim osobama putem otvorenosti i javnosti djelovanja tijela javne vlasti. Pravo na pristup informacijama i ponovnu uporabu informacija obuhva\u0107a pravo korisnika na tra\u017eenje i dobivanje informacije kao i obvezu tijela javne vlasti da omogu\u0107i pristup zatra\u017eenoj informaciji, odnosno da objavljuje informacije neovisno o postavljenom zahtjevu kada takvo objavljivanje proizlazi iz obveze odre\u0111ene zakonom ili drugim propisom. Pravo na pristup informacijama i ponovnu uporabu informacija ure\u0111eno je i ostvaruje se u skladu sa Zakonom o pravu na pristup informacijama (\u00bbNarodne novine\u00ab, broj 25\/13, 85\/15). Zakonom se propisuju na\u010dela prava na pristup informacijama i ponovnu uporabu informacija, ograni\u010denja prava na pristup informacijama i ponovnu uporabu informacija, postupak za ostvarivanje i za\u0161titu prava na pristup informacijama i ponovnu uporabu informacija. Dje\u010dji vrti\u0107 &#8220;Smje\u0161ko&#8221; Vir javnost informira putem slu\u017ebene web stranice dokumentima i informacijama koje posjeduje i koji su javno dostupni u elektroni\u010dkom obliku i mogu\u0107e im je pristupiti bez upu\u0107ivanja posebnog zahtjeva, a pristup svim ostalim informacijama i dokumentima ostvaruje se podno\u0161enjem usmenog ili pisanog zahtjeva. Pravo na pristup informacijama i ponovnu uporabu informacija ostvaruje se podno\u0161enjem pisanog zahtjeva slu\u017ebeniku za informiranje Dje\u010djeg vrti\u0107a &#8220;Smje\u0161ko&#8221; Vir. Slu\u017ebenik za informiranje &#8211; Danijela Kapovi\u0107 Broj telefona 091\/604 &#8211; 8236 E-mail : dv.smjesko.vir.infoadm@gmail.com Dje\u010dji vrti\u0107 &#8220;Smje\u0161ko&#8221; Vir ima pravo na naknadu stvarnih materijalnih tro\u0161kova koji nastanu pru\u017eanjem informacije korisniku prava na pristup informacijama i ponovnu uporabu informacija, kao i naknadu tro\u0161kova dostave tra\u017eene informacije, koja se napla\u0107uje sukladno Kriterijima za odre\u0111ivanje visine naknade iz \u010dlanka 19. stavka 3. Zakona o pravu na pristup informacijama, odnosno Kriterijima za odre\u0111ivanje visine naknade stvarnih materijalnih tro\u0161kova i tro\u0161kova dostave informacije (NN 12\/14 i 15\/14 &#8211; ispravak).<\/p>\n","protected":false},"author":1,"featured_media":0,"parent":0,"menu_order":0,"comment_status":"closed","ping_status":"closed","template":"","meta":{"ub_ctt_via":""},"featured_image_src":null,"_links":{"self":[{"href":"https:\/\/vrtic-smjesko.hr\/index.php\/wp-json\/wp\/v2\/pages\/943"}],"collection":[{"href":"https:\/\/vrtic-smjesko.hr\/index.php\/wp-json\/wp\/v2\/pages"}],"about":[{"href":"https:\/\/vrtic-smjesko.hr\/index.php\/wp-json\/wp\/v2\/types\/page"}],"author":[{"embeddable":true,"href":"https:\/\/vrtic-smjesko.hr\/index.php\/wp-json\/wp\/v2\/users\/1"}],"replies":[{"embeddable":true,"href":"https:\/\/vrtic-smjesko.hr\/index.php\/wp-json\/wp\/v2\/comments?post=943"}],"version-history":[{"count":18,"href":"https:\/\/vrtic-smjesko.hr\/index.php\/wp-json\/wp\/v2\/pages\/943\/revisions"}],"predecessor-version":[{"id":2739,"href":"https:\/\/vrtic-smjesko.hr\/index.php\/wp-json\/wp\/v2\/pages\/943\/revisions\/2739"}],"wp:attachment":[{"href":"https:\/\/vrtic-smjesko.hr\/index.php\/wp-json\/wp\/v2\/media?parent=943"}],"curies":[{"name":"wp","href":"https:\/\/api.w.org\/{rel}","templated":true}]}}