{"id":930,"date":"2022-01-28T13:07:00","date_gmt":"2022-01-28T12:07:00","guid":{"rendered":"http:\/\/vrtic-smjesko.hr\/?page_id=930"},"modified":"2026-04-14T12:40:16","modified_gmt":"2026-04-14T10:40:16","slug":"financijska-izvjesca","status":"publish","type":"page","link":"https:\/\/vrtic-smjesko.hr\/index.php\/financijska-izvjesca\/","title":{"rendered":"Financijska izvje\u0161\u0107a"},"content":{"rendered":"\n<div class=\"wp-block-file\"><a id=\"wp-block-file--media-8c87c362-0a90-424c-817d-abf6e55098c5\" href=\"http:\/\/vrtic-smjesko.hr\/wp-content\/uploads\/2020\/02\/FINANCIJSKI-IZVJE\u0160TAJ-ZA-2019.pdf\">FINANCIJSKI IZVJE\u0160TAJ ZA 2019<\/a><a href=\"http:\/\/vrtic-smjesko.hr\/wp-content\/uploads\/2020\/02\/FINANCIJSKI-IZVJE\u0160TAJ-ZA-2019.pdf\" class=\"wp-block-file__button\" download aria-describedby=\"wp-block-file--media-8c87c362-0a90-424c-817d-abf6e55098c5\">Preuzmi<\/a><\/div>\n\n\n\n<div class=\"wp-block-file\"><a id=\"wp-block-file--media-b4edd92e-6520-43da-b340-d03561451a92\" href=\"http:\/\/vrtic-smjesko.hr\/wp-content\/uploads\/2022\/01\/bilje\u0161ke-vrti\u0107-2019-zavr\u0161ni-ra\u010dun-kopija-4.pdf\">BILJE\u0160KE 2019. <\/a><a href=\"http:\/\/vrtic-smjesko.hr\/wp-content\/uploads\/2022\/01\/bilje\u0161ke-vrti\u0107-2019-zavr\u0161ni-ra\u010dun-kopija-4.pdf\" class=\"wp-block-file__button\" download aria-describedby=\"wp-block-file--media-b4edd92e-6520-43da-b340-d03561451a92\">Preuzmi<\/a><\/div>\n\n\n\n<div class=\"wp-block-file\"><a id=\"wp-block-file--media-9ffbc173-f068-4f05-9c3f-838cc867ce35\" href=\"http:\/\/vrtic-smjesko.hr\/wp-content\/uploads\/2021\/05\/ilovepdf_merged-36_compressed-2-1.pdf\">FINANCIJSKI IZVJE\u0160TAJ ZA 2020<\/a><a href=\"http:\/\/vrtic-smjesko.hr\/wp-content\/uploads\/2021\/05\/ilovepdf_merged-36_compressed-2-1.pdf\" class=\"wp-block-file__button\" download aria-describedby=\"wp-block-file--media-9ffbc173-f068-4f05-9c3f-838cc867ce35\">Preuzmi<\/a><\/div>\n\n\n\n<div class=\"wp-block-file\"><a id=\"wp-block-file--media-6bbf982e-78ef-44fb-b866-a67db0222e0b\" href=\"http:\/\/vrtic-smjesko.hr\/wp-content\/uploads\/2022\/01\/bilje\u0161ke-vrti\u0107-2020-zavr\u0161ni-ra\u010dun-kopija-kopija.pdf\">BILJE\u0160KE 202O. <\/a><a href=\"http:\/\/vrtic-smjesko.hr\/wp-content\/uploads\/2022\/01\/bilje\u0161ke-vrti\u0107-2020-zavr\u0161ni-ra\u010dun-kopija-kopija.pdf\" class=\"wp-block-file__button\" download aria-describedby=\"wp-block-file--media-6bbf982e-78ef-44fb-b866-a67db0222e0b\">Preuzmi<\/a><\/div>\n\n\n\n<div class=\"wp-block-file\"><a id=\"wp-block-file--media-33102b60-43dd-4045-8db3-20a95829f39d\" href=\"http:\/\/vrtic-smjesko.hr\/wp-content\/uploads\/2022\/02\/financijsko-web_merged.pdf\">FINANCIJSKI IZVJE\u0160TAJ ZA 2021<\/a><a href=\"http:\/\/vrtic-smjesko.hr\/wp-content\/uploads\/2022\/02\/financijsko-web_merged.pdf\" class=\"wp-block-file__button\" download aria-describedby=\"wp-block-file--media-33102b60-43dd-4045-8db3-20a95829f39d\">Preuzmi<\/a><\/div>\n\n\n\n<div class=\"wp-block-file\"><a id=\"wp-block-file--media-538ef421-2e3b-4f34-a369-9c9f2b6ef464\" href=\"http:\/\/vrtic-smjesko.hr\/wp-content\/uploads\/2022\/02\/bilje\u0161ke-vrti\u0107-2021-zavr\u0161ni-ra\u010dun-kopija-\u2013-kopija-1.pdf\">BILJE\u0160KE 2021. <\/a><a href=\"http:\/\/vrtic-smjesko.hr\/wp-content\/uploads\/2022\/02\/bilje\u0161ke-vrti\u0107-2021-zavr\u0161ni-ra\u010dun-kopija-\u2013-kopija-1.pdf\" class=\"wp-block-file__button\" download aria-describedby=\"wp-block-file--media-538ef421-2e3b-4f34-a369-9c9f2b6ef464\">Preuzmi<\/a><\/div>\n\n\n\n<div class=\"wp-block-file\"><a id=\"wp-block-file--media-a54bf3f6-7394-447a-86e0-75528af2a13b\" href=\"https:\/\/vrtic-smjesko.hr\/wp-content\/uploads\/2023\/02\/Image_016-1-3-34_compressed_compressed-min-1.pdf\">FINANCIJSKI IZVJE\u0160TAJ 2022.<\/a><a href=\"https:\/\/vrtic-smjesko.hr\/wp-content\/uploads\/2023\/02\/Image_016-1-3-34_compressed_compressed-min-1.pdf\" class=\"wp-block-file__button\" download aria-describedby=\"wp-block-file--media-a54bf3f6-7394-447a-86e0-75528af2a13b\">Preuzmi<\/a><\/div>\n\n\n\n<div class=\"wp-block-file\"><a id=\"wp-block-file--media-ec9788b2-a6b8-4d89-8ad6-60b98f3aa34a\" href=\"https:\/\/vrtic-smjesko.hr\/wp-content\/uploads\/2023\/02\/Image_016-1-1-2.pdf\">BILJE\u0160KE 2022.<\/a><a href=\"https:\/\/vrtic-smjesko.hr\/wp-content\/uploads\/2023\/02\/Image_016-1-1-2.pdf\" class=\"wp-block-file__button\" download aria-describedby=\"wp-block-file--media-ec9788b2-a6b8-4d89-8ad6-60b98f3aa34a\">Preuzmi<\/a><\/div>\n\n\n\n<div class=\"wp-block-file\"><a id=\"wp-block-file--media-b7be4fe2-27ef-42d3-8e3c-ff3ad8f8cbf9\" href=\"https:\/\/vrtic-smjesko.hr\/wp-content\/uploads\/2024\/02\/godisnje-izvjesce-2024001_compressed_compressed-compressed-compressed.pdf\">FINANCIJSKI IZVJE\u0160TAJ 2023. <\/a><a href=\"https:\/\/vrtic-smjesko.hr\/wp-content\/uploads\/2024\/02\/godisnje-izvjesce-2024001_compressed_compressed-compressed-compressed.pdf\" class=\"wp-block-file__button\" download aria-describedby=\"wp-block-file--media-b7be4fe2-27ef-42d3-8e3c-ff3ad8f8cbf9\">Preuzmi<\/a><\/div>\n\n\n\n<div class=\"wp-block-file\"><a id=\"wp-block-file--media-3fff7c60-4ebe-49c0-8e04-0a3de580b37e\" href=\"https:\/\/vrtic-smjesko.hr\/wp-content\/uploads\/2024\/02\/Biljeske-godisnje-2024001.pdf\">BILJE\u0160KE 2023. <\/a><a href=\"https:\/\/vrtic-smjesko.hr\/wp-content\/uploads\/2024\/02\/Biljeske-godisnje-2024001.pdf\" class=\"wp-block-file__button\" download aria-describedby=\"wp-block-file--media-3fff7c60-4ebe-49c0-8e04-0a3de580b37e\">Preuzmi<\/a><\/div>\n\n\n\n<div class=\"wp-block-file\"><a id=\"wp-block-file--media-ff6efa57-de6c-4937-9f3a-5cd8fc6deefd\" href=\"https:\/\/vrtic-smjesko.hr\/wp-content\/uploads\/2025\/02\/financijsko-2024-compressed-resized-pdfresizer.com-min_compressed.pdf\">FINANCIJSKI IZVJE\u0160TAJ I BILJE\u0160KE 2024<\/a><a href=\"https:\/\/vrtic-smjesko.hr\/wp-content\/uploads\/2025\/02\/financijsko-2024-compressed-resized-pdfresizer.com-min_compressed.pdf\" class=\"wp-block-file__button\" download aria-describedby=\"wp-block-file--media-ff6efa57-de6c-4937-9f3a-5cd8fc6deefd\">Preuzmi<\/a><\/div>\n\n\n\n<div class=\"wp-block-file\"><a id=\"wp-block-file--media-ec18614a-0534-41bb-be1a-41f27c1e1291\" href=\"https:\/\/vrtic-smjesko.hr\/wp-content\/uploads\/2026\/04\/PDF_merged.pdf\">FINANCIJSKI IZVJE\u0160TAJ 2025.<\/a><a href=\"https:\/\/vrtic-smjesko.hr\/wp-content\/uploads\/2026\/04\/PDF_merged.pdf\" class=\"wp-block-file__button\" download aria-describedby=\"wp-block-file--media-ec18614a-0534-41bb-be1a-41f27c1e1291\">Preuzmi<\/a><\/div>\n","protected":false},"excerpt":{"rendered":"","protected":false},"author":1,"featured_media":0,"parent":0,"menu_order":0,"comment_status":"closed","ping_status":"closed","template":"","meta":{"ub_ctt_via":""},"featured_image_src":null,"_links":{"self":[{"href":"https:\/\/vrtic-smjesko.hr\/index.php\/wp-json\/wp\/v2\/pages\/930"}],"collection":[{"href":"https:\/\/vrtic-smjesko.hr\/index.php\/wp-json\/wp\/v2\/pages"}],"about":[{"href":"https:\/\/vrtic-smjesko.hr\/index.php\/wp-json\/wp\/v2\/types\/page"}],"author":[{"embeddable":true,"href":"https:\/\/vrtic-smjesko.hr\/index.php\/wp-json\/wp\/v2\/users\/1"}],"replies":[{"embeddable":true,"href":"https:\/\/vrtic-smjesko.hr\/index.php\/wp-json\/wp\/v2\/comments?post=930"}],"version-history":[{"count":15,"href":"https:\/\/vrtic-smjesko.hr\/index.php\/wp-json\/wp\/v2\/pages\/930\/revisions"}],"predecessor-version":[{"id":2772,"href":"https:\/\/vrtic-smjesko.hr\/index.php\/wp-json\/wp\/v2\/pages\/930\/revisions\/2772"}],"wp:attachment":[{"href":"https:\/\/vrtic-smjesko.hr\/index.php\/wp-json\/wp\/v2\/media?parent=930"}],"curies":[{"name":"wp","href":"https:\/\/api.w.org\/{rel}","templated":true}]}}